{"id":1792,"date":"2025-11-04T07:40:58","date_gmt":"2025-11-04T07:40:58","guid":{"rendered":"https:\/\/www.ctyrkolkykarlovyvary.cz\/?post_type=product&#038;p=1792"},"modified":"2025-11-04T08:18:27","modified_gmt":"2025-11-04T08:18:27","slug":"segway-ut6-eps-t1b","status":"publish","type":"product","link":"https:\/\/www.ctyrkolkykarlovyvary.cz\/?product=segway-ut6-eps-t1b","title":{"rendered":"Segway UT6 EPS, T1b"},"content":{"rendered":"<p>Fugleman UT6 je \u00fasporn\u00e9, cenov\u011b dostupn\u00e9 pracovn\u00ed UTV, ur\u010den\u00e9 pro st\u0159edn\u011b t\u011b\u017ek\u00e9 pr\u00e1ce v zem\u011bd\u011blstv\u00ed, lesnictv\u00ed a dal\u0161\u00edch pracovn\u00edch odv\u011btv\u00edch. Pohon 4&#215;4 nab\u00edz\u00ed v\u00fdborn\u00e9 ter\u00e9nn\u00ed schopnosti. Velk\u00e1 skl\u00e1p\u011bc\u00ed korba a vysok\u00e1 ta\u017en\u00e1 kapacita z n\u011bj \u010din\u00ed neoceniteln\u00e9ho pomocn\u00edka na stavb\u00e1ch, v zahradnictv\u00edch, p\u0159i \u00fadr\u017eb\u011b les\u016f, park\u016f, sad\u016f nebo sportovn\u00edch are\u00e1l\u016f. Mo\u017enost mont\u00e1\u017ee r\u016fzn\u00fdch p\u0159\u00edpojn\u00fdch za\u0159\u00edzen\u00ed d\u00e1le zvy\u0161uje mo\u017enosti vyu\u017eit\u00ed tohoto pracovn\u00edho stroje.<\/p>\n<ul id=\"product-codes\" class=\"list-unstyled my-3\">\n<li class=\"row\"><span class=\"col-5 label\">V\u00fdrobce\u00a0<\/span><span class=\"col-7 text-end\">SEGWAY<\/span><\/li>\n<li class=\"row\"><span class=\"col-5 label\">K\u00f3d produktu\u00a0<\/span><span class=\"col-7 text-end break-all\">SGW570F-U3E-MASTER<\/span><\/li>\n<li class=\"row\"><span class=\"col-5 label\">EAN produktu\u00a0<\/span><span class=\"col-7 text-end\">8592590128513<\/span><\/li>\n<li class=\"row\"><span class=\"col-5 label\">Hmotnost balen\u00ed\u00a0<\/span><span class=\"col-7 text-end\">762 Kg<\/span><\/li>\n<li>Cena bez DPH: 247.952,62 K\u010d<\/li>\n<\/ul>\n<p>&nbsp;<\/p>\n","protected":false},"excerpt":{"rendered":"<p>Fugleman UT6 je \u00fasporn\u00e9, cenov\u011b dostupn\u00e9 pracovn\u00ed UTV, ur\u010den\u00e9 pro st\u0159edn\u011b t\u011b\u017ek\u00e9 pr\u00e1ce v zem\u011bd\u011blstv\u00ed, lesnictv\u00ed a dal\u0161\u00edch pracovn\u00edch odv\u011btv\u00edch. Pohon 4&#215;4 nab\u00edz\u00ed v\u00fdborn\u00e9 ter\u00e9nn\u00ed schopnosti. Velk\u00e1 skl\u00e1p\u011bc\u00ed korba a vysok\u00e1 ta\u017en\u00e1 kapacita z n\u011bj \u010din\u00ed neoceniteln\u00e9ho pomocn\u00edka na stavb\u00e1ch, v zahradnictv\u00edch, p\u0159i \u00fadr\u017eb\u011b les\u016f, park\u016f, sad\u016f nebo sportovn\u00edch are\u00e1l\u016f. Mo\u017enost mont\u00e1\u017ee r\u016fzn\u00fdch p\u0159\u00edpojn\u00fdch za\u0159\u00edzen\u00ed [&hellip;]<\/p>\n","protected":false},"featured_media":1793,"template":"","meta":[],"product_cat":[27],"product_tag":[32],"class_list":{"0":"post-1792","1":"product","2":"type-product","3":"status-publish","4":"has-post-thumbnail","6":"product_cat-ctyrkolky-segway","7":"product_tag-ctyrkolky-segway-ctyrkolky-karlovy-vary","9":"first","10":"instock","11":"taxable","12":"shipping-taxable","13":"purchasable","14":"product-type-simple"},"_links":{"self":[{"href":"https:\/\/www.ctyrkolkykarlovyvary.cz\/index.php?rest_route=\/wp\/v2\/product\/1792","targetHints":{"allow":["GET"]}}],"collection":[{"href":"https:\/\/www.ctyrkolkykarlovyvary.cz\/index.php?rest_route=\/wp\/v2\/product"}],"about":[{"href":"https:\/\/www.ctyrkolkykarlovyvary.cz\/index.php?rest_route=\/wp\/v2\/types\/product"}],"wp:featuredmedia":[{"embeddable":true,"href":"https:\/\/www.ctyrkolkykarlovyvary.cz\/index.php?rest_route=\/wp\/v2\/media\/1793"}],"wp:attachment":[{"href":"https:\/\/www.ctyrkolkykarlovyvary.cz\/index.php?rest_route=%2Fwp%2Fv2%2Fmedia&parent=1792"}],"wp:term":[{"taxonomy":"product_cat","embeddable":true,"href":"https:\/\/www.ctyrkolkykarlovyvary.cz\/index.php?rest_route=%2Fwp%2Fv2%2Fproduct_cat&post=1792"},{"taxonomy":"product_tag","embeddable":true,"href":"https:\/\/www.ctyrkolkykarlovyvary.cz\/index.php?rest_route=%2Fwp%2Fv2%2Fproduct_tag&post=1792"}],"curies":[{"name":"wp","href":"https:\/\/api.w.org\/{rel}","templated":true}]}}