{"id":1782,"date":"2025-11-04T07:32:06","date_gmt":"2025-11-04T07:32:06","guid":{"rendered":"https:\/\/www.ctyrkolkykarlovyvary.cz\/?post_type=product&#038;p=1782"},"modified":"2025-11-04T08:17:41","modified_gmt":"2025-11-04T08:17:41","slug":"segway-at10-wl-30-eps-limited-abs-t3b","status":"publish","type":"product","link":"https:\/\/www.ctyrkolkykarlovyvary.cz\/?product=segway-at10-wl-30-eps-limited-abs-t3b","title":{"rendered":"Segway AT10 WL 30&#8243; EPS Limited ABS, T3b"},"content":{"rendered":"<p>Roz\u0161\u00ed\u0159en\u00e1 verze s 30&#8243; pneu Segway AT10 WL, vybavena protiblokovac\u00edm syst\u00e9mem ABS, posilova\u010dem \u0159\u00edzen\u00ed EPS a Full-LED osv\u011btlen\u00edm. \u0160pi\u010dkov\u00e9 j\u00edzdn\u00ed vlastnosti a maxim\u00e1ln\u00ed stabilitu zaji\u0161\u0165uje roz\u0161\u00ed\u0159en\u00fd podvozek s pln\u011b se\u0159iditeln\u00fdmi tlumi\u010di, prodlou\u017een\u00e1 A-ramena poskytuj\u00ed vysokou sv\u011btlou v\u00fd\u0161ku. Spodn\u00ed ramena jsou nav\u00edc prohnut\u00e1, tak\u017ee umo\u017e\u0148uj\u00ed bezpe\u010dn\u00e9 p\u0159ekon\u00e1v\u00e1n\u00ed vysok\u00fdch p\u0159ek\u00e1\u017eek.<\/p>\n<ul id=\"product-codes\" class=\"list-unstyled my-3\">\n<li><span class=\"col-5 label\">V\u00fdrobce\u00a0<\/span><span class=\"col-7 text-end\">SEGWAY<\/span><\/li>\n<li class=\"row\"><span class=\"col-5 label\">K\u00f3d produktu\u00a0<\/span><span class=\"col-7 text-end break-all\">SGW1000F-A10-WABS30-MASTER<\/span><\/li>\n<li class=\"row\"><span class=\"col-5 label\">EAN produktu\u00a0<\/span><span class=\"col-7 text-end\">8592590128452<\/span><\/li>\n<li class=\"row\"><span class=\"col-5 label\">Hmotnost balen\u00ed\u00a0<\/span><span class=\"col-7 text-end\">579 Kg<\/span><\/li>\n<li>Cena bez DPH: 256.190,08 K\u010d<\/li>\n<\/ul>\n<p>&nbsp;<\/p>\n<p><iframe loading=\"lazy\" title=\"SEGWAY AT10\" width=\"800\" height=\"450\" src=\"https:\/\/www.youtube.com\/embed\/k6pRD6KDCP4?feature=oembed\" frameborder=\"0\" allow=\"accelerometer; autoplay; clipboard-write; encrypted-media; gyroscope; picture-in-picture; web-share\" referrerpolicy=\"strict-origin-when-cross-origin\" allowfullscreen><\/iframe><\/p>\n","protected":false},"excerpt":{"rendered":"<p>Roz\u0161\u00ed\u0159en\u00e1 verze s 30&#8243; pneu Segway AT10 WL, vybavena protiblokovac\u00edm syst\u00e9mem ABS, posilova\u010dem \u0159\u00edzen\u00ed EPS a Full-LED osv\u011btlen\u00edm. \u0160pi\u010dkov\u00e9 j\u00edzdn\u00ed vlastnosti a maxim\u00e1ln\u00ed stabilitu zaji\u0161\u0165uje roz\u0161\u00ed\u0159en\u00fd podvozek s pln\u011b se\u0159iditeln\u00fdmi tlumi\u010di, prodlou\u017een\u00e1 A-ramena poskytuj\u00ed vysokou sv\u011btlou v\u00fd\u0161ku. Spodn\u00ed ramena jsou nav\u00edc prohnut\u00e1, tak\u017ee umo\u017e\u0148uj\u00ed bezpe\u010dn\u00e9 p\u0159ekon\u00e1v\u00e1n\u00ed vysok\u00fdch p\u0159ek\u00e1\u017eek. V\u00fdrobce\u00a0SEGWAY K\u00f3d produktu\u00a0SGW1000F-A10-WABS30-MASTER EAN produktu\u00a08592590128452 Hmotnost balen\u00ed\u00a0579 [&hellip;]<\/p>\n","protected":false},"featured_media":1783,"template":"","meta":[],"product_cat":[27],"product_tag":[32],"class_list":{"0":"post-1782","1":"product","2":"type-product","3":"status-publish","4":"has-post-thumbnail","6":"product_cat-ctyrkolky-segway","7":"product_tag-ctyrkolky-segway-ctyrkolky-karlovy-vary","9":"first","10":"instock","11":"taxable","12":"shipping-taxable","13":"purchasable","14":"product-type-simple"},"_links":{"self":[{"href":"https:\/\/www.ctyrkolkykarlovyvary.cz\/index.php?rest_route=\/wp\/v2\/product\/1782","targetHints":{"allow":["GET"]}}],"collection":[{"href":"https:\/\/www.ctyrkolkykarlovyvary.cz\/index.php?rest_route=\/wp\/v2\/product"}],"about":[{"href":"https:\/\/www.ctyrkolkykarlovyvary.cz\/index.php?rest_route=\/wp\/v2\/types\/product"}],"wp:featuredmedia":[{"embeddable":true,"href":"https:\/\/www.ctyrkolkykarlovyvary.cz\/index.php?rest_route=\/wp\/v2\/media\/1783"}],"wp:attachment":[{"href":"https:\/\/www.ctyrkolkykarlovyvary.cz\/index.php?rest_route=%2Fwp%2Fv2%2Fmedia&parent=1782"}],"wp:term":[{"taxonomy":"product_cat","embeddable":true,"href":"https:\/\/www.ctyrkolkykarlovyvary.cz\/index.php?rest_route=%2Fwp%2Fv2%2Fproduct_cat&post=1782"},{"taxonomy":"product_tag","embeddable":true,"href":"https:\/\/www.ctyrkolkykarlovyvary.cz\/index.php?rest_route=%2Fwp%2Fv2%2Fproduct_tag&post=1782"}],"curies":[{"name":"wp","href":"https:\/\/api.w.org\/{rel}","templated":true}]}}