{"id":29,"date":"2023-08-27T19:26:59","date_gmt":"2023-08-27T19:26:59","guid":{"rendered":"http:\/\/www.ctyrkolkykarlovyvary.cz\/?page_id=29"},"modified":"2025-10-14T12:02:00","modified_gmt":"2025-10-14T12:02:00","slug":"home","status":"publish","type":"page","link":"https:\/\/www.ctyrkolkykarlovyvary.cz\/","title":{"rendered":"Home"},"content":{"rendered":"\t\t<div data-elementor-type=\"wp-page\" data-elementor-id=\"29\" class=\"elementor elementor-29\" data-elementor-post-type=\"page\">\n\t\t\t\t\t\t\t\t\t<section class=\"elementor-section elementor-top-section elementor-element elementor-element-90f978e elementor-section-boxed elementor-section-height-default elementor-section-height-default\" data-id=\"90f978e\" data-element_type=\"section\">\n\t\t\t\t\t\t<div class=\"elementor-container elementor-column-gap-default\">\n\t\t\t\t\t<div class=\"elementor-column elementor-col-100 elementor-top-column elementor-element elementor-element-69716ec\" data-id=\"69716ec\" data-element_type=\"column\">\n\t\t\t<div class=\"elementor-widget-wrap elementor-element-populated\">\n\t\t\t\t\t\t\t\t<div class=\"elementor-element elementor-element-9942a29 elementor-widget elementor-widget-image\" data-id=\"9942a29\" data-element_type=\"widget\" data-widget_type=\"image.default\">\n\t\t\t\t<div class=\"elementor-widget-container\">\n\t\t\t<style>\/*! elementor - v3.15.0 - 20-08-2023 *\/\n.elementor-widget-image{text-align:center}.elementor-widget-image a{display:inline-block}.elementor-widget-image a img[src$=\".svg\"]{width:48px}.elementor-widget-image img{vertical-align:middle;display:inline-block}<\/style>\t\t\t\t\t\t\t\t\t\t\t\t<img loading=\"lazy\" decoding=\"async\" width=\"2048\" height=\"1024\" src=\"https:\/\/www.ctyrkolkykarlovyvary.cz\/wp-content\/uploads\/2023\/10\/Custom-dimensions-2048x1024-px.jpeg\" class=\"attachment-2048x2048 size-2048x2048 wp-image-535\" alt=\"\" srcset=\"https:\/\/www.ctyrkolkykarlovyvary.cz\/wp-content\/uploads\/2023\/10\/Custom-dimensions-2048x1024-px.jpeg 2048w, https:\/\/www.ctyrkolkykarlovyvary.cz\/wp-content\/uploads\/2023\/10\/Custom-dimensions-2048x1024-px-300x150.jpeg 300w, https:\/\/www.ctyrkolkykarlovyvary.cz\/wp-content\/uploads\/2023\/10\/Custom-dimensions-2048x1024-px-600x300.jpeg 600w, https:\/\/www.ctyrkolkykarlovyvary.cz\/wp-content\/uploads\/2023\/10\/Custom-dimensions-2048x1024-px-1024x512.jpeg 1024w, https:\/\/www.ctyrkolkykarlovyvary.cz\/wp-content\/uploads\/2023\/10\/Custom-dimensions-2048x1024-px-768x384.jpeg 768w, https:\/\/www.ctyrkolkykarlovyvary.cz\/wp-content\/uploads\/2023\/10\/Custom-dimensions-2048x1024-px-1536x768.jpeg 1536w, https:\/\/www.ctyrkolkykarlovyvary.cz\/wp-content\/uploads\/2023\/10\/Custom-dimensions-2048x1024-px-1320x660.jpeg 1320w\" sizes=\"auto, (max-width: 2048px) 100vw, 2048px\" \/>\t\t\t\t\t\t\t\t\t\t\t\t\t\t\t<\/div>\n\t\t\t\t<\/div>\n\t\t\t\t\t<\/div>\n\t\t<\/div>\n\t\t\t\t\t\t\t<\/div>\n\t\t<\/section>\n\t\t\t\t<section class=\"elementor-section elementor-top-section elementor-element elementor-element-5ddda5a elementor-section-boxed elementor-section-height-default elementor-section-height-default\" data-id=\"5ddda5a\" data-element_type=\"section\">\n\t\t\t\t\t\t<div class=\"elementor-container elementor-column-gap-default\">\n\t\t\t\t\t<div class=\"elementor-column elementor-col-100 elementor-top-column elementor-element elementor-element-fca4eb0\" data-id=\"fca4eb0\" data-element_type=\"column\">\n\t\t\t<div class=\"elementor-widget-wrap elementor-element-populated\">\n\t\t\t\t\t\t\t\t<div class=\"elementor-element elementor-element-4ea5caf elementor-widget elementor-widget-spacer\" data-id=\"4ea5caf\" data-element_type=\"widget\" data-widget_type=\"spacer.default\">\n\t\t\t\t<div class=\"elementor-widget-container\">\n\t\t\t<style>\/*! elementor - v3.15.0 - 20-08-2023 *\/\n.elementor-column .elementor-spacer-inner{height:var(--spacer-size)}.e-con{--container-widget-width:100%}.e-con-inner>.elementor-widget-spacer,.e-con>.elementor-widget-spacer{width:var(--container-widget-width,var(--spacer-size));--align-self:var(--container-widget-align-self,initial);--flex-shrink:0}.e-con-inner>.elementor-widget-spacer>.elementor-widget-container,.e-con-inner>.elementor-widget-spacer>.elementor-widget-container>.elementor-spacer,.e-con>.elementor-widget-spacer>.elementor-widget-container,.e-con>.elementor-widget-spacer>.elementor-widget-container>.elementor-spacer{height:100%}.e-con-inner>.elementor-widget-spacer>.elementor-widget-container>.elementor-spacer>.elementor-spacer-inner,.e-con>.elementor-widget-spacer>.elementor-widget-container>.elementor-spacer>.elementor-spacer-inner{height:var(--container-widget-height,var(--spacer-size))}<\/style>\t\t<div class=\"elementor-spacer\">\n\t\t\t<div class=\"elementor-spacer-inner\"><\/div>\n\t\t<\/div>\n\t\t\t\t<\/div>\n\t\t\t\t<\/div>\n\t\t\t\t\t<\/div>\n\t\t<\/div>\n\t\t\t\t\t\t\t<\/div>\n\t\t<\/section>\n\t\t\t\t<section class=\"elementor-section elementor-top-section elementor-element elementor-element-251c391 elementor-section-boxed elementor-section-height-default elementor-section-height-default\" data-id=\"251c391\" data-element_type=\"section\">\n\t\t\t\t\t\t<div class=\"elementor-container elementor-column-gap-default\">\n\t\t\t\t\t<div class=\"elementor-column elementor-col-100 elementor-top-column elementor-element elementor-element-320e20b\" data-id=\"320e20b\" data-element_type=\"column\">\n\t\t\t<div class=\"elementor-widget-wrap elementor-element-populated\">\n\t\t\t\t\t\t\t\t<div class=\"elementor-element elementor-element-2044426 elementor-widget elementor-widget-spacer\" data-id=\"2044426\" data-element_type=\"widget\" data-widget_type=\"spacer.default\">\n\t\t\t\t<div class=\"elementor-widget-container\">\n\t\t\t\t\t<div class=\"elementor-spacer\">\n\t\t\t<div class=\"elementor-spacer-inner\"><\/div>\n\t\t<\/div>\n\t\t\t\t<\/div>\n\t\t\t\t<\/div>\n\t\t\t\t\t<\/div>\n\t\t<\/div>\n\t\t\t\t\t\t\t<\/div>\n\t\t<\/section>\n\t\t\t\t<section class=\"elementor-section elementor-top-section elementor-element elementor-element-e87237f elementor-section-boxed elementor-section-height-default elementor-section-height-default\" data-id=\"e87237f\" data-element_type=\"section\">\n\t\t\t\t\t\t<div class=\"elementor-container elementor-column-gap-default\">\n\t\t\t\t\t<div class=\"elementor-column elementor-col-100 elementor-top-column elementor-element elementor-element-e9ddf63\" data-id=\"e9ddf63\" data-element_type=\"column\">\n\t\t\t<div class=\"elementor-widget-wrap elementor-element-populated\">\n\t\t\t\t\t\t\t\t<div class=\"elementor-element elementor-element-3674e8f elementor-widget elementor-widget-heading\" data-id=\"3674e8f\" data-element_type=\"widget\" data-widget_type=\"heading.default\">\n\t\t\t\t<div class=\"elementor-widget-container\">\n\t\t\t<style>\/*! elementor - v3.15.0 - 20-08-2023 *\/\n.elementor-heading-title{padding:0;margin:0;line-height:1}.elementor-widget-heading .elementor-heading-title[class*=elementor-size-]>a{color:inherit;font-size:inherit;line-height:inherit}.elementor-widget-heading .elementor-heading-title.elementor-size-small{font-size:15px}.elementor-widget-heading .elementor-heading-title.elementor-size-medium{font-size:19px}.elementor-widget-heading .elementor-heading-title.elementor-size-large{font-size:29px}.elementor-widget-heading .elementor-heading-title.elementor-size-xl{font-size:39px}.elementor-widget-heading .elementor-heading-title.elementor-size-xxl{font-size:59px}<\/style><h2 class=\"elementor-heading-title elementor-size-default\">Prodej a servis \u010dty\u0159kolek<\/h2>\t\t<\/div>\n\t\t\t\t<\/div>\n\t\t\t\t\t<\/div>\n\t\t<\/div>\n\t\t\t\t\t\t\t<\/div>\n\t\t<\/section>\n\t\t\t\t<section class=\"elementor-section elementor-top-section elementor-element elementor-element-f74b372 elementor-section-boxed elementor-section-height-default elementor-section-height-default\" data-id=\"f74b372\" data-element_type=\"section\">\n\t\t\t\t\t\t<div class=\"elementor-container elementor-column-gap-default\">\n\t\t\t\t\t<div class=\"elementor-column elementor-col-100 elementor-top-column elementor-element elementor-element-9e82140\" data-id=\"9e82140\" data-element_type=\"column\">\n\t\t\t<div class=\"elementor-widget-wrap elementor-element-populated\">\n\t\t\t\t\t\t\t\t<div class=\"elementor-element elementor-element-1f3a78e elementor-widget elementor-widget-text-editor\" data-id=\"1f3a78e\" data-element_type=\"widget\" data-widget_type=\"text-editor.default\">\n\t\t\t\t<div class=\"elementor-widget-container\">\n\t\t\t<style>\/*! elementor - v3.15.0 - 20-08-2023 *\/\n.elementor-widget-text-editor.elementor-drop-cap-view-stacked .elementor-drop-cap{background-color:#69727d;color:#fff}.elementor-widget-text-editor.elementor-drop-cap-view-framed .elementor-drop-cap{color:#69727d;border:3px solid;background-color:transparent}.elementor-widget-text-editor:not(.elementor-drop-cap-view-default) .elementor-drop-cap{margin-top:8px}.elementor-widget-text-editor:not(.elementor-drop-cap-view-default) .elementor-drop-cap-letter{width:1em;height:1em}.elementor-widget-text-editor .elementor-drop-cap{float:left;text-align:center;line-height:1;font-size:50px}.elementor-widget-text-editor .elementor-drop-cap-letter{display:inline-block}<\/style>\t\t\t\t\t\t\t\t\t\t<\/div>\n\t\t\t\t<\/div>\n\t\t\t\t\t<\/div>\n\t\t<\/div>\n\t\t\t\t\t\t\t<\/div>\n\t\t<\/section>\n\t\t\t\t<section class=\"elementor-section elementor-top-section elementor-element elementor-element-67c841d elementor-section-boxed elementor-section-height-default elementor-section-height-default\" data-id=\"67c841d\" data-element_type=\"section\">\n\t\t\t\t\t\t<div class=\"elementor-container elementor-column-gap-default\">\n\t\t\t\t\t<div class=\"elementor-column elementor-col-33 elementor-top-column elementor-element elementor-element-bc6a5ba\" data-id=\"bc6a5ba\" data-element_type=\"column\">\n\t\t\t<div class=\"elementor-widget-wrap elementor-element-populated\">\n\t\t\t\t\t\t\t\t<div class=\"elementor-element elementor-element-d23777d elementor-widget elementor-widget-image\" data-id=\"d23777d\" data-element_type=\"widget\" data-widget_type=\"image.default\">\n\t\t\t\t<div class=\"elementor-widget-container\">\n\t\t\t\t\t\t\t\t\t\t\t\t\t\t\t\t<a href=\"https:\/\/www.ctyrkolkykarlovyvary.cz\/?page_id=643\">\n\t\t\t\t\t\t\t<img loading=\"lazy\" decoding=\"async\" width=\"300\" height=\"300\" src=\"https:\/\/www.ctyrkolkykarlovyvary.cz\/wp-content\/uploads\/2023\/12\/segway-logo-300x300.jpg\" class=\"attachment-medium size-medium wp-image-1333\" alt=\"\" srcset=\"https:\/\/www.ctyrkolkykarlovyvary.cz\/wp-content\/uploads\/2023\/12\/segway-logo-300x300.jpg 300w, https:\/\/www.ctyrkolkykarlovyvary.cz\/wp-content\/uploads\/2023\/12\/segway-logo-150x150.jpg 150w, https:\/\/www.ctyrkolkykarlovyvary.cz\/wp-content\/uploads\/2023\/12\/segway-logo-768x768.jpg 768w, https:\/\/www.ctyrkolkykarlovyvary.cz\/wp-content\/uploads\/2023\/12\/segway-logo-600x600.jpg 600w, https:\/\/www.ctyrkolkykarlovyvary.cz\/wp-content\/uploads\/2023\/12\/segway-logo-100x100.jpg 100w, https:\/\/www.ctyrkolkykarlovyvary.cz\/wp-content\/uploads\/2023\/12\/elementor\/thumbs\/segway-logo-qh1dudarn7bfoklck96wzxe8fz0wo4tq11jxfng9s8.jpg 500w, https:\/\/www.ctyrkolkykarlovyvary.cz\/wp-content\/uploads\/2023\/12\/segway-logo.jpg 1000w\" sizes=\"auto, (max-width: 300px) 100vw, 300px\" \/>\t\t\t\t\t\t\t\t<\/a>\n\t\t\t\t\t\t\t\t\t\t\t\t\t\t\t<\/div>\n\t\t\t\t<\/div>\n\t\t\t\t\t<\/div>\n\t\t<\/div>\n\t\t\t\t<div class=\"elementor-column elementor-col-33 elementor-top-column elementor-element elementor-element-3806d4b\" data-id=\"3806d4b\" data-element_type=\"column\">\n\t\t\t<div class=\"elementor-widget-wrap elementor-element-populated\">\n\t\t\t\t\t\t\t\t<div class=\"elementor-element elementor-element-ff27234 elementor-widget elementor-widget-image\" data-id=\"ff27234\" data-element_type=\"widget\" data-widget_type=\"image.default\">\n\t\t\t\t<div class=\"elementor-widget-container\">\n\t\t\t\t\t\t\t\t\t\t\t\t\t\t\t\t<a href=\"https:\/\/www.ctyrkolkykarlovyvary.cz\/?page_id=848\">\n\t\t\t\t\t\t\t<img loading=\"lazy\" decoding=\"async\" width=\"300\" height=\"300\" src=\"https:\/\/www.ctyrkolkykarlovyvary.cz\/wp-content\/uploads\/2023\/10\/Custom-dimensions-1000x1000-px-21-300x300.jpeg\" class=\"attachment-medium size-medium wp-image-541\" alt=\"\" srcset=\"https:\/\/www.ctyrkolkykarlovyvary.cz\/wp-content\/uploads\/2023\/10\/Custom-dimensions-1000x1000-px-21-300x300.jpeg 300w, https:\/\/www.ctyrkolkykarlovyvary.cz\/wp-content\/uploads\/2023\/10\/Custom-dimensions-1000x1000-px-21-100x100.jpeg 100w, https:\/\/www.ctyrkolkykarlovyvary.cz\/wp-content\/uploads\/2023\/10\/elementor\/thumbs\/Custom-dimensions-1000x1000-px-21-qebyb9b1eih4sgl3ksahz2xt8hgxsqhd8v5dupd5dc.jpeg 600w, https:\/\/www.ctyrkolkykarlovyvary.cz\/wp-content\/uploads\/2023\/10\/Custom-dimensions-1000x1000-px-21-150x150.jpeg 150w, https:\/\/www.ctyrkolkykarlovyvary.cz\/wp-content\/uploads\/2023\/10\/Custom-dimensions-1000x1000-px-21-768x768.jpeg 768w, https:\/\/www.ctyrkolkykarlovyvary.cz\/wp-content\/uploads\/2023\/10\/elementor\/thumbs\/Custom-dimensions-1000x1000-px-21-qebyb9b06nop6gfd5vfbv03g759b4z9nd2k7pavxc8.jpeg 500w, https:\/\/www.ctyrkolkykarlovyvary.cz\/wp-content\/uploads\/2023\/10\/Custom-dimensions-1000x1000-px-21.jpeg 1000w\" sizes=\"auto, (max-width: 300px) 100vw, 300px\" \/>\t\t\t\t\t\t\t\t<\/a>\n\t\t\t\t\t\t\t\t\t\t\t\t\t\t\t<\/div>\n\t\t\t\t<\/div>\n\t\t\t\t\t<\/div>\n\t\t<\/div>\n\t\t\t\t<div class=\"elementor-column elementor-col-33 elementor-top-column elementor-element elementor-element-66cdd43\" data-id=\"66cdd43\" data-element_type=\"column\">\n\t\t\t<div class=\"elementor-widget-wrap elementor-element-populated\">\n\t\t\t\t\t\t\t\t<div class=\"elementor-element elementor-element-b701ba7 elementor-widget elementor-widget-image\" data-id=\"b701ba7\" data-element_type=\"widget\" data-widget_type=\"image.default\">\n\t\t\t\t<div class=\"elementor-widget-container\">\n\t\t\t\t\t\t\t\t\t\t\t\t\t\t\t\t<a href=\"https:\/\/www.ctyrkolkykarlovyvary.cz\/?page_id=1038\">\n\t\t\t\t\t\t\t<img loading=\"lazy\" decoding=\"async\" width=\"300\" height=\"300\" src=\"https:\/\/www.ctyrkolkykarlovyvary.cz\/wp-content\/uploads\/2023\/12\/linhai-logo-300x300.jpg\" class=\"attachment-medium size-medium wp-image-1334\" alt=\"\" srcset=\"https:\/\/www.ctyrkolkykarlovyvary.cz\/wp-content\/uploads\/2023\/12\/linhai-logo-300x300.jpg 300w, https:\/\/www.ctyrkolkykarlovyvary.cz\/wp-content\/uploads\/2023\/12\/linhai-logo-150x150.jpg 150w, https:\/\/www.ctyrkolkykarlovyvary.cz\/wp-content\/uploads\/2023\/12\/linhai-logo-768x768.jpg 768w, https:\/\/www.ctyrkolkykarlovyvary.cz\/wp-content\/uploads\/2023\/12\/linhai-logo-600x600.jpg 600w, https:\/\/www.ctyrkolkykarlovyvary.cz\/wp-content\/uploads\/2023\/12\/linhai-logo-100x100.jpg 100w, https:\/\/www.ctyrkolkykarlovyvary.cz\/wp-content\/uploads\/2023\/12\/elementor\/thumbs\/linhai-logo-qh1dv0sqe27lqtn7r1cl89gralt30kf0g9v2fkhfgo.jpg 500w, https:\/\/www.ctyrkolkykarlovyvary.cz\/wp-content\/uploads\/2023\/12\/linhai-logo.jpg 1000w\" sizes=\"auto, (max-width: 300px) 100vw, 300px\" \/>\t\t\t\t\t\t\t\t<\/a>\n\t\t\t\t\t\t\t\t\t\t\t\t\t\t\t<\/div>\n\t\t\t\t<\/div>\n\t\t\t\t\t<\/div>\n\t\t<\/div>\n\t\t\t\t\t\t\t<\/div>\n\t\t<\/section>\n\t\t\t\t<section class=\"elementor-section elementor-top-section elementor-element elementor-element-5d36668 elementor-section-boxed elementor-section-height-default elementor-section-height-default\" data-id=\"5d36668\" data-element_type=\"section\">\n\t\t\t\t\t\t<div class=\"elementor-container elementor-column-gap-default\">\n\t\t\t\t\t<div class=\"elementor-column elementor-col-100 elementor-top-column elementor-element elementor-element-7f90127\" data-id=\"7f90127\" data-element_type=\"column\">\n\t\t\t<div class=\"elementor-widget-wrap elementor-element-populated\">\n\t\t\t\t\t\t\t\t<div class=\"elementor-element elementor-element-55bbf0e elementor-widget elementor-widget-spacer\" data-id=\"55bbf0e\" data-element_type=\"widget\" data-widget_type=\"spacer.default\">\n\t\t\t\t<div class=\"elementor-widget-container\">\n\t\t\t\t\t<div class=\"elementor-spacer\">\n\t\t\t<div class=\"elementor-spacer-inner\"><\/div>\n\t\t<\/div>\n\t\t\t\t<\/div>\n\t\t\t\t<\/div>\n\t\t\t\t\t<\/div>\n\t\t<\/div>\n\t\t\t\t\t\t\t<\/div>\n\t\t<\/section>\n\t\t\t\t<section class=\"elementor-section elementor-top-section elementor-element elementor-element-0483121 elementor-section-boxed elementor-section-height-default elementor-section-height-default\" data-id=\"0483121\" data-element_type=\"section\">\n\t\t\t\t\t\t<div class=\"elementor-container elementor-column-gap-default\">\n\t\t\t\t\t<div class=\"elementor-column elementor-col-100 elementor-top-column elementor-element elementor-element-5d7da7f\" data-id=\"5d7da7f\" data-element_type=\"column\">\n\t\t\t<div class=\"elementor-widget-wrap\">\n\t\t\t\t\t\t\t\t\t<\/div>\n\t\t<\/div>\n\t\t\t\t\t\t\t<\/div>\n\t\t<\/section>\n\t\t\t\t<section class=\"elementor-section elementor-top-section elementor-element elementor-element-a1849e7 elementor-section-boxed elementor-section-height-default elementor-section-height-default\" data-id=\"a1849e7\" data-element_type=\"section\">\n\t\t\t\t\t\t<div class=\"elementor-container elementor-column-gap-default\">\n\t\t\t\t\t<div class=\"elementor-column elementor-col-50 elementor-top-column elementor-element elementor-element-9b3e642\" data-id=\"9b3e642\" data-element_type=\"column\">\n\t\t\t<div class=\"elementor-widget-wrap elementor-element-populated\">\n\t\t\t\t\t\t\t\t<div class=\"elementor-element elementor-element-94e3c25 elementor-widget elementor-widget-image\" data-id=\"94e3c25\" data-element_type=\"widget\" data-widget_type=\"image.default\">\n\t\t\t\t<div class=\"elementor-widget-container\">\n\t\t\t\t\t\t\t\t\t\t\t\t\t\t\t<img loading=\"lazy\" decoding=\"async\" width=\"800\" height=\"600\" src=\"https:\/\/www.ctyrkolkykarlovyvary.cz\/wp-content\/uploads\/2023\/10\/2674-2_segway-snarler-at6-l-limited-t3b.jpg\" class=\"attachment-large size-large wp-image-566\" alt=\"\" srcset=\"https:\/\/www.ctyrkolkykarlovyvary.cz\/wp-content\/uploads\/2023\/10\/2674-2_segway-snarler-at6-l-limited-t3b.jpg 1024w, https:\/\/www.ctyrkolkykarlovyvary.cz\/wp-content\/uploads\/2023\/10\/2674-2_segway-snarler-at6-l-limited-t3b-300x225.jpg 300w, https:\/\/www.ctyrkolkykarlovyvary.cz\/wp-content\/uploads\/2023\/10\/2674-2_segway-snarler-at6-l-limited-t3b-600x450.jpg 600w, https:\/\/www.ctyrkolkykarlovyvary.cz\/wp-content\/uploads\/2023\/10\/2674-2_segway-snarler-at6-l-limited-t3b-768x576.jpg 768w\" sizes=\"auto, (max-width: 800px) 100vw, 800px\" \/>\t\t\t\t\t\t\t\t\t\t\t\t\t\t\t<\/div>\n\t\t\t\t<\/div>\n\t\t\t\t<div class=\"elementor-element elementor-element-932a9f9 elementor-widget elementor-widget-spacer\" data-id=\"932a9f9\" data-element_type=\"widget\" data-widget_type=\"spacer.default\">\n\t\t\t\t<div class=\"elementor-widget-container\">\n\t\t\t\t\t<div class=\"elementor-spacer\">\n\t\t\t<div class=\"elementor-spacer-inner\"><\/div>\n\t\t<\/div>\n\t\t\t\t<\/div>\n\t\t\t\t<\/div>\n\t\t\t\t\t<\/div>\n\t\t<\/div>\n\t\t\t\t<div class=\"elementor-column elementor-col-50 elementor-top-column elementor-element elementor-element-d29eba7\" data-id=\"d29eba7\" data-element_type=\"column\">\n\t\t\t<div class=\"elementor-widget-wrap elementor-element-populated\">\n\t\t\t\t\t\t\t\t<div class=\"elementor-element elementor-element-7433b3d elementor-widget elementor-widget-image\" data-id=\"7433b3d\" data-element_type=\"widget\" data-widget_type=\"image.default\">\n\t\t\t\t<div class=\"elementor-widget-container\">\n\t\t\t\t\t\t\t\t\t\t\t\t\t\t\t<img decoding=\"async\" src=\"https:\/\/www.ctyrkolkykarlovyvary.cz\/wp-content\/uploads\/elementor\/thumbs\/Custom-dimensions-1000x1000-px-24-qeh82di09qywmluk8ns6l6zos3jz0ebrvyih6ebloo.jpeg\" title=\"Custom dimensions 1000&#215;1000 px (24)\" alt=\"Custom dimensions 1000x1000 px (24)\" loading=\"lazy\" \/>\t\t\t\t\t\t\t\t\t\t\t\t\t\t\t<\/div>\n\t\t\t\t<\/div>\n\t\t\t\t\t<\/div>\n\t\t<\/div>\n\t\t\t\t\t\t\t<\/div>\n\t\t<\/section>\n\t\t\t\t<section class=\"elementor-section elementor-top-section elementor-element elementor-element-b1c56ba elementor-section-boxed elementor-section-height-default elementor-section-height-default\" data-id=\"b1c56ba\" data-element_type=\"section\">\n\t\t\t\t\t\t<div class=\"elementor-container elementor-column-gap-default\">\n\t\t\t\t\t<div class=\"elementor-column elementor-col-100 elementor-top-column elementor-element elementor-element-99364c6\" data-id=\"99364c6\" data-element_type=\"column\">\n\t\t\t<div class=\"elementor-widget-wrap elementor-element-populated\">\n\t\t\t\t\t\t\t\t<div class=\"elementor-element elementor-element-e175dcf elementor-widget elementor-widget-spacer\" data-id=\"e175dcf\" data-element_type=\"widget\" data-widget_type=\"spacer.default\">\n\t\t\t\t<div class=\"elementor-widget-container\">\n\t\t\t\t\t<div class=\"elementor-spacer\">\n\t\t\t<div class=\"elementor-spacer-inner\"><\/div>\n\t\t<\/div>\n\t\t\t\t<\/div>\n\t\t\t\t<\/div>\n\t\t\t\t\t<\/div>\n\t\t<\/div>\n\t\t\t\t\t\t\t<\/div>\n\t\t<\/section>\n\t\t\t\t<section class=\"elementor-section elementor-top-section elementor-element elementor-element-51c2780 elementor-section-boxed elementor-section-height-default elementor-section-height-default\" data-id=\"51c2780\" data-element_type=\"section\">\n\t\t\t\t\t\t<div class=\"elementor-container elementor-column-gap-default\">\n\t\t\t\t\t<div class=\"elementor-column elementor-col-100 elementor-top-column elementor-element elementor-element-611017a\" data-id=\"611017a\" data-element_type=\"column\">\n\t\t\t<div class=\"elementor-widget-wrap elementor-element-populated\">\n\t\t\t\t\t\t\t\t<div class=\"elementor-element elementor-element-b3402ec elementor-widget elementor-widget-google_maps\" data-id=\"b3402ec\" data-element_type=\"widget\" data-widget_type=\"google_maps.default\">\n\t\t\t\t<div class=\"elementor-widget-container\">\n\t\t\t<style>\/*! elementor - v3.15.0 - 20-08-2023 *\/\n.elementor-widget-google_maps .elementor-widget-container{overflow:hidden}.elementor-widget-google_maps .elementor-custom-embed{line-height:0}.elementor-widget-google_maps iframe{height:300px}<\/style>\t\t<div class=\"elementor-custom-embed\">\n\t\t\t<iframe loading=\"lazy\"\n\t\t\t\t\tsrc=\"https:\/\/maps.google.com\/maps?q=Hrozn%C4%9Bt%C3%ADnsk%C3%A1%20227%2C%20360%2001%20Otovice&#038;t=m&#038;z=12&#038;output=embed&#038;iwloc=near\"\n\t\t\t\t\ttitle=\"Hrozn\u011bt\u00ednsk\u00e1 227, 360 01 Otovice\"\n\t\t\t\t\taria-label=\"Hrozn\u011bt\u00ednsk\u00e1 227, 360 01 Otovice\"\n\t\t\t><\/iframe>\n\t\t<\/div>\n\t\t\t\t<\/div>\n\t\t\t\t<\/div>\n\t\t\t\t\t<\/div>\n\t\t<\/div>\n\t\t\t\t\t\t\t<\/div>\n\t\t<\/section>\n\t\t\t\t<section class=\"elementor-section elementor-top-section elementor-element elementor-element-651ac79 elementor-section-boxed elementor-section-height-default elementor-section-height-default\" data-id=\"651ac79\" data-element_type=\"section\">\n\t\t\t\t\t\t<div class=\"elementor-container elementor-column-gap-default\">\n\t\t\t\t\t<div class=\"elementor-column elementor-col-100 elementor-top-column elementor-element elementor-element-d1f55d5\" data-id=\"d1f55d5\" data-element_type=\"column\">\n\t\t\t<div class=\"elementor-widget-wrap elementor-element-populated\">\n\t\t\t\t\t\t\t\t<div class=\"elementor-element elementor-element-a8f5d23 elementor-widget elementor-widget-spacer\" data-id=\"a8f5d23\" data-element_type=\"widget\" data-widget_type=\"spacer.default\">\n\t\t\t\t<div class=\"elementor-widget-container\">\n\t\t\t\t\t<div class=\"elementor-spacer\">\n\t\t\t<div class=\"elementor-spacer-inner\"><\/div>\n\t\t<\/div>\n\t\t\t\t<\/div>\n\t\t\t\t<\/div>\n\t\t\t\t\t<\/div>\n\t\t<\/div>\n\t\t\t\t\t\t\t<\/div>\n\t\t<\/section>\n\t\t\t\t\t\t\t<\/div>\n\t\t","protected":false},"excerpt":{"rendered":"<p>Prodej a servis \u010dty\u0159kolek<\/p>\n","protected":false},"author":2,"featured_media":0,"parent":0,"menu_order":0,"comment_status":"closed","ping_status":"closed","template":"elementor_header_footer","meta":{"footnotes":""},"class_list":["post-29","page","type-page","status-publish","hentry"],"_links":{"self":[{"href":"https:\/\/www.ctyrkolkykarlovyvary.cz\/index.php?rest_route=\/wp\/v2\/pages\/29","targetHints":{"allow":["GET"]}}],"collection":[{"href":"https:\/\/www.ctyrkolkykarlovyvary.cz\/index.php?rest_route=\/wp\/v2\/pages"}],"about":[{"href":"https:\/\/www.ctyrkolkykarlovyvary.cz\/index.php?rest_route=\/wp\/v2\/types\/page"}],"author":[{"embeddable":true,"href":"https:\/\/www.ctyrkolkykarlovyvary.cz\/index.php?rest_route=\/wp\/v2\/users\/2"}],"replies":[{"embeddable":true,"href":"https:\/\/www.ctyrkolkykarlovyvary.cz\/index.php?rest_route=%2Fwp%2Fv2%2Fcomments&post=29"}],"version-history":[{"count":412,"href":"https:\/\/www.ctyrkolkykarlovyvary.cz\/index.php?rest_route=\/wp\/v2\/pages\/29\/revisions"}],"predecessor-version":[{"id":1746,"href":"https:\/\/www.ctyrkolkykarlovyvary.cz\/index.php?rest_route=\/wp\/v2\/pages\/29\/revisions\/1746"}],"wp:attachment":[{"href":"https:\/\/www.ctyrkolkykarlovyvary.cz\/index.php?rest_route=%2Fwp%2Fv2%2Fmedia&parent=29"}],"curies":[{"name":"wp","href":"https:\/\/api.w.org\/{rel}","templated":true}]}}